{"id":1799,"date":"2023-10-18T17:34:10","date_gmt":"2023-10-18T17:34:10","guid":{"rendered":"https:\/\/irelandbeautystudio.com\/?post_type=product&#038;p=1799"},"modified":"2025-10-16T10:08:36","modified_gmt":"2025-10-16T10:08:36","slug":"slc-real-cream-ph4-250ml","status":"publish","type":"product","link":"https:\/\/irelandbeautystudio.com\/index.php\/product\/slc-real-cream-ph4-250ml\/","title":{"rendered":"SLC Real Cream Ph4 &#8211; 250ml"},"content":{"rendered":"<p><strong>MODO DE EMPLEO:\u00a0<\/strong>Despu\u00e9s de haber lavado los cabellos con Real Shampoo, distribuir el producto por toda la longitud, efectuar un masaje sobre los mismos y peinar. Dejar reposar durante algunos minutos y seguidamente enjuagar con abundante agua.<\/p>\n","protected":false},"excerpt":{"rendered":"<p>Mascarilla reestructurante con base \u00e1cida (pH 4) que optimiza el pH fisiol\u00f3gico del cabello. La Ceramida y las Prote\u00ednas de la Leche mejoran visiblemente la estructura capilar da\u00f1ada.<\/p>\n<p>Gracias a las Prote\u00ednas del Trigo, los cabellos se vuelven suaves y con cuerpo. \u00a1Un tratamiento para sal\u00f3n legendario!<\/p>\n","protected":false},"featured_media":1800,"comment_status":"open","ping_status":"closed","template":"","meta":{"_monsterinsights_skip_tracking":false,"_monsterinsights_sitenote_active":false,"_monsterinsights_sitenote_note":"","_monsterinsights_sitenote_category":0,"jetpack_post_was_ever_published":false,"_joinchat":[]},"product_brand":[],"product_cat":[36,25,27],"product_tag":[],"berocket_brand":[],"class_list":{"0":"post-1799","1":"product","2":"type-product","3":"status-publish","4":"has-post-thumbnail","6":"product_cat-nuevo","7":"product_cat-productos","8":"product_cat-shampoo","10":"first","11":"instock","12":"taxable","13":"shipping-taxable","14":"product-type-simple"},"aioseo_notices":[],"jetpack_sharing_enabled":true,"_links":{"self":[{"href":"https:\/\/irelandbeautystudio.com\/index.php\/wp-json\/wp\/v2\/product\/1799","targetHints":{"allow":["GET"]}}],"collection":[{"href":"https:\/\/irelandbeautystudio.com\/index.php\/wp-json\/wp\/v2\/product"}],"about":[{"href":"https:\/\/irelandbeautystudio.com\/index.php\/wp-json\/wp\/v2\/types\/product"}],"replies":[{"embeddable":true,"href":"https:\/\/irelandbeautystudio.com\/index.php\/wp-json\/wp\/v2\/comments?post=1799"}],"wp:featuredmedia":[{"embeddable":true,"href":"https:\/\/irelandbeautystudio.com\/index.php\/wp-json\/wp\/v2\/media\/1800"}],"wp:attachment":[{"href":"https:\/\/irelandbeautystudio.com\/index.php\/wp-json\/wp\/v2\/media?parent=1799"}],"wp:term":[{"taxonomy":"product_brand","embeddable":true,"href":"https:\/\/irelandbeautystudio.com\/index.php\/wp-json\/wp\/v2\/product_brand?post=1799"},{"taxonomy":"product_cat","embeddable":true,"href":"https:\/\/irelandbeautystudio.com\/index.php\/wp-json\/wp\/v2\/product_cat?post=1799"},{"taxonomy":"product_tag","embeddable":true,"href":"https:\/\/irelandbeautystudio.com\/index.php\/wp-json\/wp\/v2\/product_tag?post=1799"},{"taxonomy":"berocket_brand","embeddable":true,"href":"https:\/\/irelandbeautystudio.com\/index.php\/wp-json\/wp\/v2\/berocket_brand?post=1799"}],"curies":[{"name":"wp","href":"https:\/\/api.w.org\/{rel}","templated":true}]}}